{"id":2131,"date":"2020-03-20T14:21:24","date_gmt":"2020-03-20T14:21:24","guid":{"rendered":"http:\/\/s817620470.online.de\/?page_id=2131"},"modified":"2020-05-26T08:34:10","modified_gmt":"2020-05-26T07:34:10","slug":"app-entwicklung","status":"publish","type":"page","link":"https:\/\/www.hinet.gmbh\/?page_id=2131","title":{"rendered":"App-Entwicklung"},"content":{"rendered":"<section class=\"wpb-content-wrapper\"><p>[vc_row][vc_column][vc_column_text]<\/p>\n<h1><span style=\"font-family: tahoma, arial, helvetica, sans-serif; font-size: 36pt; color: #777777;\">Entwicklung in modernen Umgebungen<\/span><\/h1>\n<p>&nbsp;<\/p>\n<p style=\"text-align: justify;\"><span style=\"font-family: tahoma, arial, helvetica, sans-serif; font-size: 14pt; color: #777777;\">Die Entwicklung von Programmen hat mittlerweile ganz neue Ans\u00e4tze und Herausforderungen, denen wir mit Ihnen gemeinsam begegnen. Cross-Plattform, Sicherheits- und Update Aspekte sind nur einige Anforderungen, die in modernen Umgebungen wichtig sind.<\/span><\/p>\n<p style=\"text-align: justify;\"><span style=\"font-family: tahoma, arial, helvetica, sans-serif; font-size: 14pt; color: #777777;\">Abgesehen von nativen Apps im Android, iOS und Windows Umfeld beherrschen wir auch neue Techniken, wie Power Apps im Low Code Bereich. Hier beraten wir Sie umfassend und helfen Ihnen je nach Bedarf selbst in diesen neuen Umgebungen zurecht zu kommen.<\/span><\/p>\n<p style=\"text-align: justify;\"><span style=\"font-family: tahoma, arial, helvetica, sans-serif; font-size: 14pt; color: #777777;\">Die M\u00f6glichkeiten sind unbegrenzt und es gibt vielfache Angebote f\u00fcr neue L\u00f6sungen. Damit Sie hierbei nicht den \u00dcberblick verlieren und nachhaltig arbeiten, verlassen Sie sich im Voraus auf unsere Beratung.<\/span><\/p>\n<p>[\/vc_column_text][\/vc_column][\/vc_row]<\/p>\n<\/section>","protected":false},"excerpt":{"rendered":"<p>[vc_row][vc_column][vc_column_text] Entwicklung in modernen Umgebungen &nbsp; Die Entwicklung von Programmen hat mittlerweile ganz neue Ans\u00e4tze und Herausforderungen, denen wir mit Ihnen gemeinsam begegnen. Cross-Plattform, Sicherheits- und Update Aspekte sind nur einige Anforderungen, die in modernen Umgebungen wichtig sind. Abgesehen von nativen Apps im Android, iOS und Windows Umfeld beherrschen wir auch neue Techniken, wie Power&hellip;<\/p>\n","protected":false},"author":2,"featured_media":0,"parent":0,"menu_order":0,"comment_status":"closed","ping_status":"closed","template":"","meta":[],"_links":{"self":[{"href":"https:\/\/www.hinet.gmbh\/index.php?rest_route=\/wp\/v2\/pages\/2131"}],"collection":[{"href":"https:\/\/www.hinet.gmbh\/index.php?rest_route=\/wp\/v2\/pages"}],"about":[{"href":"https:\/\/www.hinet.gmbh\/index.php?rest_route=\/wp\/v2\/types\/page"}],"author":[{"embeddable":true,"href":"https:\/\/www.hinet.gmbh\/index.php?rest_route=\/wp\/v2\/users\/2"}],"replies":[{"embeddable":true,"href":"https:\/\/www.hinet.gmbh\/index.php?rest_route=%2Fwp%2Fv2%2Fcomments&post=2131"}],"version-history":[{"count":19,"href":"https:\/\/www.hinet.gmbh\/index.php?rest_route=\/wp\/v2\/pages\/2131\/revisions"}],"predecessor-version":[{"id":2440,"href":"https:\/\/www.hinet.gmbh\/index.php?rest_route=\/wp\/v2\/pages\/2131\/revisions\/2440"}],"wp:attachment":[{"href":"https:\/\/www.hinet.gmbh\/index.php?rest_route=%2Fwp%2Fv2%2Fmedia&parent=2131"}],"curies":[{"name":"wp","href":"https:\/\/api.w.org\/{rel}","templated":true}]}}