{"id":2133,"date":"2020-03-20T14:22:01","date_gmt":"2020-03-20T14:22:01","guid":{"rendered":"http:\/\/s817620470.online.de\/?page_id=2133"},"modified":"2020-05-26T09:32:40","modified_gmt":"2020-05-26T08:32:40","slug":"managed-services","status":"publish","type":"page","link":"https:\/\/www.hinet.gmbh\/?page_id=2133","title":{"rendered":"Managed Services"},"content":{"rendered":"<section class=\"wpb-content-wrapper\"><p>[vc_row][vc_column][vc_column_text]<\/p>\r\n<h1><span style=\"font-family: tahoma, arial, helvetica, sans-serif; font-size: 36pt; color: #777777;\">Managed Services<\/span><\/h1>\r\n<p>&nbsp;<\/p>\r\n<p style=\"text-align: justify;\"><span style=\"font-family: tahoma, arial, helvetica, sans-serif; font-size: 14pt; color: #777777;\">Die Zeiten, in denen es viele IT-Mitarbeiter in Unternehmen gab, liegen schon etwas zur\u00fcck. Daher ist es wichtig, sich dem Aufwand von Verwaltungst\u00e4tigkeiten zu widmen. Diese k\u00f6nnen in regelm\u00e4\u00dfigen Zeitabst\u00e4nden oder auch in einem Zeitblock anfallen und beispielsweise Hardware wie auch Software-Themen geschuldet sein.<\/span><\/p>\r\n<p style=\"text-align: justify;\"><span style=\"font-family: tahoma, arial, helvetica, sans-serif; font-size: 14pt; color: #777777;\">Besonders Umstellungen in der IT-Infrastruktur auf neuere L\u00f6sungen k\u00f6nnen zeitintensive und nervenaufreibende Thematiken darstellen. Mittlerweile in besonderem Ma\u00dfe, da der laufende Betrieb nicht gest\u00f6rt werden sollte.<\/span><\/p>\r\n<p style=\"text-align: justify;\"><span style=\"font-family: tahoma, arial, helvetica, sans-serif; font-size: 14pt; color: #777777;\">Zumeist sind die f\u00e4lligen Themen nicht allein zu stemmen. Sie d\u00fcrfen sich in diesem Zusammenhang auf uns als Ihren zuverl\u00e4ssigen Partner st\u00fctzen. Mit unserer Erfahrung in interstrukturellen Projekten bei Migrationen, Integrationen und zu verwaltenden Systemen bringen wir viel Kompetenz mit.<\/span><\/p>\r\n<p style=\"text-align: justify;\"><span style=\"font-family: tahoma, arial, helvetica, sans-serif; font-size: 14pt;\"><\/span><\/p>\r\n<p>[\/vc_column_text][\/vc_column][\/vc_row]<\/p><\/section>","protected":false},"excerpt":{"rendered":"<p>[vc_row][vc_column][vc_column_text] Managed Services &nbsp; Die Zeiten, in denen es viele IT-Mitarbeiter in Unternehmen gab, liegen schon etwas zur\u00fcck. Daher ist es wichtig, sich dem Aufwand von Verwaltungst\u00e4tigkeiten zu widmen. Diese k\u00f6nnen in regelm\u00e4\u00dfigen Zeitabst\u00e4nden oder auch in einem Zeitblock anfallen und beispielsweise Hardware wie auch Software-Themen geschuldet sein. Besonders Umstellungen in der IT-Infrastruktur auf neuere&hellip;<\/p>\n","protected":false},"author":2,"featured_media":0,"parent":0,"menu_order":0,"comment_status":"closed","ping_status":"closed","template":"","meta":[],"_links":{"self":[{"href":"https:\/\/www.hinet.gmbh\/index.php?rest_route=\/wp\/v2\/pages\/2133"}],"collection":[{"href":"https:\/\/www.hinet.gmbh\/index.php?rest_route=\/wp\/v2\/pages"}],"about":[{"href":"https:\/\/www.hinet.gmbh\/index.php?rest_route=\/wp\/v2\/types\/page"}],"author":[{"embeddable":true,"href":"https:\/\/www.hinet.gmbh\/index.php?rest_route=\/wp\/v2\/users\/2"}],"replies":[{"embeddable":true,"href":"https:\/\/www.hinet.gmbh\/index.php?rest_route=%2Fwp%2Fv2%2Fcomments&post=2133"}],"version-history":[{"count":8,"href":"https:\/\/www.hinet.gmbh\/index.php?rest_route=\/wp\/v2\/pages\/2133\/revisions"}],"predecessor-version":[{"id":2453,"href":"https:\/\/www.hinet.gmbh\/index.php?rest_route=\/wp\/v2\/pages\/2133\/revisions\/2453"}],"wp:attachment":[{"href":"https:\/\/www.hinet.gmbh\/index.php?rest_route=%2Fwp%2Fv2%2Fmedia&parent=2133"}],"curies":[{"name":"wp","href":"https:\/\/api.w.org\/{rel}","templated":true}]}}