{"id":2139,"date":"2020-03-21T09:20:50","date_gmt":"2020-03-21T09:20:50","guid":{"rendered":"http:\/\/s817620470.online.de\/?page_id=2139"},"modified":"2020-06-08T08:54:16","modified_gmt":"2020-06-08T07:54:16","slug":"workshops","status":"publish","type":"page","link":"https:\/\/www.hinet.gmbh\/?page_id=2139","title":{"rendered":"Workshops"},"content":{"rendered":"<section class=\"wpb-content-wrapper\"><p>[vc_row][vc_column][vc_column_text]<\/p>\r\n<h1><span style=\"font-family: tahoma, arial, helvetica, sans-serif; font-size: 36pt; color: #777777;\">Workshops \u2013 Erfolg aufbauen<\/span><\/h1>\r\n<p>&nbsp;<\/p>\r\n<p style=\"text-align: justify;\"><span style=\"font-family: tahoma, arial, helvetica, sans-serif; font-size: 14pt; color: #777777;\">Die Welt dreht sich immer schneller und die technologischen Fortschritte immer weitreichender. Bei vielen Themen bedarf es schon fr\u00fchzeitig einer strukturierten Informationsquelle. Wir setzen Sie ins Bild, egal ob es sich hierbei um bekannte Anwendungen handelt oder exotische Ausl\u00e4ufer.<\/span><\/p>\r\n<p style=\"text-align: justify;\"><span style=\"font-family: tahoma, arial, helvetica, sans-serif; font-size: 14pt; color: #777777;\">Nutzen Sie hierzu unsere Angebote und die unserer Partner, individuell auf Ihre Bed\u00fcrfnisse abgestimmt. Mit unseren zertifizierten Workshops helfen wir Ihnen zudem bei Ihrer Qualifizierungsplanung und Umsetzung.<\/span><\/p>\r\n<p><span style=\"font-family: tahoma, arial, helvetica, sans-serif; font-size: 14pt; color: #777777;\">Unser Ziel ist es, mit Ihnen gemeinsam, den digitalen Fahrplan f\u00fcr Ihr Unternehmen zu erstellen. Wir analysieren in diesem Zusammenhang Ihre IT-Infrastruktur und weisen Ihnen Wege auf. F\u00fcr welchen Sie sich schlussendlich entscheiden, bleibt Ihnen \u00fcberlassen.<\/span><\/p>\r\n<p style=\"text-align: justify;\"><span style=\"font-family: tahoma, arial, helvetica, sans-serif; font-size: 14pt; color: #777777;\">Wir m\u00f6chten, dass Sie Ihre Entscheidungen auf Basis von vertrauensw\u00fcrdigen Informationen treffen. Wir beraten Sie gerne fr\u00fchzeitig, um Ihnen alle Optionen aufzeigen zu k\u00f6nnen. Besonders bei Themen wie Lizenzierung, Produktauswahl und nachhaltigen Implementierungen stehen wir Ihnen zur Seite und helfen Ihnen die optimale L\u00f6sung zu finden.<\/span><\/p>\r\n<p><span style=\"color: #777777;\"><\/span><\/p>\r\n<p>&nbsp;<\/p>\r\n<p>[\/vc_column_text][\/vc_column][\/vc_row]<\/p><\/section>","protected":false},"excerpt":{"rendered":"<p>[vc_row][vc_column][vc_column_text] Workshops \u2013 Erfolg aufbauen &nbsp; Die Welt dreht sich immer schneller und die technologischen Fortschritte immer weitreichender. Bei vielen Themen bedarf es schon fr\u00fchzeitig einer strukturierten Informationsquelle. Wir setzen Sie ins Bild, egal ob es sich hierbei um bekannte Anwendungen handelt oder exotische Ausl\u00e4ufer. Nutzen Sie hierzu unsere Angebote und die unserer Partner, individuell&hellip;<\/p>\n","protected":false},"author":2,"featured_media":0,"parent":0,"menu_order":0,"comment_status":"closed","ping_status":"closed","template":"","meta":[],"_links":{"self":[{"href":"https:\/\/www.hinet.gmbh\/index.php?rest_route=\/wp\/v2\/pages\/2139"}],"collection":[{"href":"https:\/\/www.hinet.gmbh\/index.php?rest_route=\/wp\/v2\/pages"}],"about":[{"href":"https:\/\/www.hinet.gmbh\/index.php?rest_route=\/wp\/v2\/types\/page"}],"author":[{"embeddable":true,"href":"https:\/\/www.hinet.gmbh\/index.php?rest_route=\/wp\/v2\/users\/2"}],"replies":[{"embeddable":true,"href":"https:\/\/www.hinet.gmbh\/index.php?rest_route=%2Fwp%2Fv2%2Fcomments&post=2139"}],"version-history":[{"count":10,"href":"https:\/\/www.hinet.gmbh\/index.php?rest_route=\/wp\/v2\/pages\/2139\/revisions"}],"predecessor-version":[{"id":2570,"href":"https:\/\/www.hinet.gmbh\/index.php?rest_route=\/wp\/v2\/pages\/2139\/revisions\/2570"}],"wp:attachment":[{"href":"https:\/\/www.hinet.gmbh\/index.php?rest_route=%2Fwp%2Fv2%2Fmedia&parent=2139"}],"curies":[{"name":"wp","href":"https:\/\/api.w.org\/{rel}","templated":true}]}}